{"id":1821,"date":"2025-06-24T12:14:06","date_gmt":"2025-06-24T10:14:06","guid":{"rendered":"https:\/\/myopianetwork.eu\/?page_id=1821"},"modified":"2025-08-28T10:59:22","modified_gmt":"2025-08-28T08:59:22","slug":"strona-glowna","status":"publish","type":"page","link":"https:\/\/myopianetwork.eu\/pl\/","title":{"rendered":"Strona g\u0142\u00f3wna"},"content":{"rendered":"<section class=\"l-section wpb_row faded-baner height_medium with_img\"><div class=\"l-section-img\" role=\"img\" data-img-width=\"1747\" data-img-height=\"1240\" style=\"background-image: url(https:\/\/myopianetwork.eu\/wp-content\/uploads\/2022\/02\/2-1.png);background-repeat: no-repeat;\"><\/div><div class=\"l-section-h i-cf\"><div class=\"g-cols vc_row via_flex valign_top type_default stacking_default\"><div class=\"vc_col-sm-12 wpb_column vc_column_container\"><div class=\"vc_column-inner us_custom_e1a02dba\"><div class=\"wpb_wrapper\"><div class=\"wpb_text_column\"><div class=\"wpb_wrapper\"><h1>Europejska Platforma ds. Kr\u00f3tkowzroczno\u015bci<\/h1>\n<p style=\"color: white;\"><em>Europejska Platforma ds. Kr\u00f3tkowzroczno\u015bci zrzesza specjalist\u00f3w zajmuj\u0105cych si\u0119 kr\u00f3tkowzroczno\u015bci\u0105 z ca\u0142ej Europy.<\/em><\/p>\n<\/div><\/div><\/div><\/div><\/div><\/div><\/div><\/section><section class=\"l-section wpb_row height_medium\"><div class=\"l-section-h i-cf\"><div class=\"g-cols vc_row via_flex valign_top type_default stacking_default\"><div class=\"vc_col-sm-12 wpb_column vc_column_container\"><div class=\"vc_column-inner\"><div class=\"wpb_wrapper\"><div class=\"wpb_text_column\"><div class=\"wpb_wrapper\"><p>W Europie ponad 45% os\u00f3b w wieku 25\u201329 lat ma kr\u00f3tkowzroczno\u015b\u0107, podczas gdy w Azji Wschodniej odsetek ten wynosi 80\u201390%. Instytut Briana Holdena przewiduje, \u017ce do roku 2050 po\u0142owa \u015bwiatowej populacji b\u0119dzie kr\u00f3tkowzroczna, a kr\u00f3tkowzroczno\u015b\u0107 stanie si\u0119 najcz\u0119stsz\u0105 przyczyn\u0105 pogorszenia widzenia i utraty wzroku zar\u00f3wno w Europie, jak i na \u015bwiecie. Zwi\u0119kszone ryzyko wyst\u0105pienia kr\u00f3tkowzroczno\u015bci u dzieci wi\u0105\u017ce si\u0119 zar\u00f3wno z czynnikami genetycznymi, jak i \u015brodowiskowymi. Dzieci wykonuj\u0105 wi\u0119cej czynno\u015bci wymagaj\u0105cych pracy z bliska i sp\u0119dzaj\u0105 mniej czasu na \u015bwie\u017cym powietrzu. Kr\u00f3tkowzroczno\u015b\u0107 u rodzic\u00f3w jest r\u00f3wnie\u017c dobrze udokumentowanym czynnikiem ryzyka rozwoju kr\u00f3tkowzroczno\u015bci u dzieci. Spowolnienie post\u0119pu kr\u00f3tkowzroczno\u015bci, aby unikn\u0105\u0107 jej wysokiego stopnia, stanowi wyzwanie zar\u00f3wno dla okulist\u00f3w, jak i optometryst\u00f3w, ale wiele mo\u017cna zrobi\u0107 w zakresie profilaktyki poprzez edukacj\u0119 spo\u0142eczn\u0105, zaanga\u017cowanie w\u0142adz w sektorze zdrowia i edukacji, a tak\u017ce rodzic\u00f3w i nauczycieli. Potrzebujemy dobrze opracowanych, wysokiej jako\u015bci materia\u0142\u00f3w skierowanych do niespecjalist\u00f3w oraz kampanii spo\u0142ecznych podnosz\u0105cych \u015bwiadomo\u015b\u0107 zagro\u017ce\u0144 i mo\u017cliwych dzia\u0142a\u0144.<\/p>\n<p><strong>Europejska Platforma ds. Kr\u00f3tkowzroczno\u015bci<\/strong> ma na celu stworzenie platformy do kontakt\u00f3w i wymiany do\u015bwiadcze\u0144 w zakresie najnowszej wiedzy o kr\u00f3tkowzroczno\u015bci, obejmuj\u0105cej r\u00f3\u017cne aspekty, takie jak edukacja, profilaktyka, badania przesiewowe, prace naukowe i leczenie.<\/p>\n<p><strong>G\u0142\u00f3wne dzia\u0142ania:<\/strong><\/p>\n<ul>\n<li>zwi\u0119kszanie \u015bwiadomo\u015bci spo\u0142ecznej na temat ryzyka, metod profilaktyki i leczenia kr\u00f3tkowzroczno\u015bci,<\/li>\n<li>organizowanie wydarze\u0144 edukacyjnych, takich jak webinary, w celu dzielenia si\u0119 dobrymi praktykami i promowania najnowszych osi\u0105gni\u0119\u0107 naukowych,<\/li>\n<li>wspieranie bada\u0144 klinicznych w dziedzinie zapobiegania i leczenia kr\u00f3tkowzroczno\u015bci.<\/li>\n<\/ul>\n<p>Je\u015bli zajmujesz si\u0119 kr\u00f3tkowzroczno\u015bci\u0105 u dzieci lub uwa\u017casz, \u017ce stanowi ona istotne wyzwanie zdrowotne, <a href=\"https:\/\/myopianetwork.eu\/login\/\">do\u0142\u0105cz do nas<\/a>.<\/p>\n<\/div><\/div><\/div><\/div><\/div><\/div><\/div><\/section>\n","protected":false},"excerpt":{"rendered":"Europejska Platforma ds. Kr\u00f3tkowzroczno\u015bci Europejska Platforma ds. Kr\u00f3tkowzroczno\u015bci zrzesza specjalist\u00f3w zajmuj\u0105cych si\u0119 kr\u00f3tkowzroczno\u015bci\u0105 z ca\u0142ej Europy. W Europie ponad 45% os\u00f3b w wieku 25\u201329 lat ma kr\u00f3tkowzroczno\u015b\u0107, podczas gdy w Azji Wschodniej odsetek ten wynosi 80\u201390%. Instytut Briana Holdena przewiduje, \u017ce do roku 2050 po\u0142owa \u015bwiatowej populacji b\u0119dzie kr\u00f3tkowzroczna, a kr\u00f3tkowzroczno\u015b\u0107 stanie si\u0119 najcz\u0119stsz\u0105 przyczyn\u0105...","protected":false},"author":1,"featured_media":0,"parent":0,"menu_order":0,"comment_status":"closed","ping_status":"closed","template":"","meta":{"_acf_changed":false,"footnotes":""},"class_list":["post-1821","page","type-page","status-publish","hentry"],"acf":[],"yoast_head":"<!-- This site is optimized with the Yoast SEO plugin v25.3 - https:\/\/yoast.com\/wordpress\/plugins\/seo\/ -->\n<title>Strona g\u0142\u00f3wna - Fundacja &quot;Okulistyka 21&quot;<\/title>\n<meta name=\"robots\" content=\"index, follow, max-snippet:-1, max-image-preview:large, max-video-preview:-1\" \/>\n<link rel=\"canonical\" href=\"https:\/\/myopianetwork.eu\/pl\/\" \/>\n<meta property=\"og:locale\" content=\"pl_PL\" \/>\n<meta property=\"og:type\" content=\"article\" \/>\n<meta property=\"og:title\" content=\"Strona g\u0142\u00f3wna - Fundacja &quot;Okulistyka 21&quot;\" \/>\n<meta property=\"og:url\" content=\"https:\/\/myopianetwork.eu\/pl\/\" \/>\n<meta property=\"og:site_name\" content=\"Fundacja &quot;Okulistyka 21&quot;\" \/>\n<meta property=\"article:modified_time\" content=\"2025-08-28T08:59:22+00:00\" \/>\n<meta name=\"twitter:card\" content=\"summary_large_image\" \/>\n<meta name=\"twitter:label1\" content=\"Szacowany czas czytania\" \/>\n\t<meta name=\"twitter:data1\" content=\"2 minuty\" \/>\n<script type=\"application\/ld+json\" class=\"yoast-schema-graph\">{\"@context\":\"https:\/\/schema.org\",\"@graph\":[{\"@type\":\"WebPage\",\"@id\":\"https:\/\/myopianetwork.eu\/pl\/\",\"url\":\"https:\/\/myopianetwork.eu\/pl\/\",\"name\":\"Strona g\u0142\u00f3wna - Fundacja &quot;Okulistyka 21&quot;\",\"isPartOf\":{\"@id\":\"https:\/\/myopianetwork.eu\/pl\/#website\"},\"datePublished\":\"2025-06-24T10:14:06+00:00\",\"dateModified\":\"2025-08-28T08:59:22+00:00\",\"breadcrumb\":{\"@id\":\"https:\/\/myopianetwork.eu\/pl\/#breadcrumb\"},\"inLanguage\":\"pl-PL\",\"potentialAction\":[{\"@type\":\"ReadAction\",\"target\":[\"https:\/\/myopianetwork.eu\/pl\/\"]}]},{\"@type\":\"BreadcrumbList\",\"@id\":\"https:\/\/myopianetwork.eu\/pl\/#breadcrumb\",\"itemListElement\":[{\"@type\":\"ListItem\",\"position\":1,\"name\":\"Strona g\u0142\u00f3wna\",\"item\":\"https:\/\/myopianetwork.eu\/pl\/\"},{\"@type\":\"ListItem\",\"position\":2,\"name\":\"Strona g\u0142\u00f3wna\"}]},{\"@type\":\"WebSite\",\"@id\":\"https:\/\/myopianetwork.eu\/pl\/#website\",\"url\":\"https:\/\/myopianetwork.eu\/pl\/\",\"name\":\"Fundacja \\\"Okulistyka 21\\\"\",\"description\":\"\",\"publisher\":{\"@id\":\"https:\/\/myopianetwork.eu\/pl\/#organization\"},\"potentialAction\":[{\"@type\":\"SearchAction\",\"target\":{\"@type\":\"EntryPoint\",\"urlTemplate\":\"https:\/\/myopianetwork.eu\/pl\/?s={search_term_string}\"},\"query-input\":{\"@type\":\"PropertyValueSpecification\",\"valueRequired\":true,\"valueName\":\"search_term_string\"}}],\"inLanguage\":\"pl-PL\"},{\"@type\":\"Organization\",\"@id\":\"https:\/\/myopianetwork.eu\/pl\/#organization\",\"name\":\"Fundacja \\\"Okulistyka 21\\\"\",\"url\":\"https:\/\/myopianetwork.eu\/pl\/\",\"logo\":{\"@type\":\"ImageObject\",\"inLanguage\":\"pl-PL\",\"@id\":\"https:\/\/myopianetwork.eu\/pl\/#\/schema\/logo\/image\/\",\"url\":\"https:\/\/myopianetwork.eu\/wp-content\/uploads\/2021\/10\/MYOPIA.png\",\"contentUrl\":\"https:\/\/myopianetwork.eu\/wp-content\/uploads\/2021\/10\/MYOPIA.png\",\"width\":1229,\"height\":263,\"caption\":\"Fundacja \\\"Okulistyka 21\\\"\"},\"image\":{\"@id\":\"https:\/\/myopianetwork.eu\/pl\/#\/schema\/logo\/image\/\"}}]}<\/script>\n<!-- \/ Yoast SEO plugin. -->","yoast_head_json":{"title":"Strona g\u0142\u00f3wna - Fundacja &quot;Okulistyka 21&quot;","robots":{"index":"index","follow":"follow","max-snippet":"max-snippet:-1","max-image-preview":"max-image-preview:large","max-video-preview":"max-video-preview:-1"},"canonical":"https:\/\/myopianetwork.eu\/pl\/","og_locale":"pl_PL","og_type":"article","og_title":"Strona g\u0142\u00f3wna - Fundacja &quot;Okulistyka 21&quot;","og_url":"https:\/\/myopianetwork.eu\/pl\/","og_site_name":"Fundacja &quot;Okulistyka 21&quot;","article_modified_time":"2025-08-28T08:59:22+00:00","twitter_card":"summary_large_image","twitter_misc":{"Szacowany czas czytania":"2 minuty"},"schema":{"@context":"https:\/\/schema.org","@graph":[{"@type":"WebPage","@id":"https:\/\/myopianetwork.eu\/pl\/","url":"https:\/\/myopianetwork.eu\/pl\/","name":"Strona g\u0142\u00f3wna - Fundacja &quot;Okulistyka 21&quot;","isPartOf":{"@id":"https:\/\/myopianetwork.eu\/pl\/#website"},"datePublished":"2025-06-24T10:14:06+00:00","dateModified":"2025-08-28T08:59:22+00:00","breadcrumb":{"@id":"https:\/\/myopianetwork.eu\/pl\/#breadcrumb"},"inLanguage":"pl-PL","potentialAction":[{"@type":"ReadAction","target":["https:\/\/myopianetwork.eu\/pl\/"]}]},{"@type":"BreadcrumbList","@id":"https:\/\/myopianetwork.eu\/pl\/#breadcrumb","itemListElement":[{"@type":"ListItem","position":1,"name":"Strona g\u0142\u00f3wna","item":"https:\/\/myopianetwork.eu\/pl\/"},{"@type":"ListItem","position":2,"name":"Strona g\u0142\u00f3wna"}]},{"@type":"WebSite","@id":"https:\/\/myopianetwork.eu\/pl\/#website","url":"https:\/\/myopianetwork.eu\/pl\/","name":"Fundacja \"Okulistyka 21\"","description":"","publisher":{"@id":"https:\/\/myopianetwork.eu\/pl\/#organization"},"potentialAction":[{"@type":"SearchAction","target":{"@type":"EntryPoint","urlTemplate":"https:\/\/myopianetwork.eu\/pl\/?s={search_term_string}"},"query-input":{"@type":"PropertyValueSpecification","valueRequired":true,"valueName":"search_term_string"}}],"inLanguage":"pl-PL"},{"@type":"Organization","@id":"https:\/\/myopianetwork.eu\/pl\/#organization","name":"Fundacja \"Okulistyka 21\"","url":"https:\/\/myopianetwork.eu\/pl\/","logo":{"@type":"ImageObject","inLanguage":"pl-PL","@id":"https:\/\/myopianetwork.eu\/pl\/#\/schema\/logo\/image\/","url":"https:\/\/myopianetwork.eu\/wp-content\/uploads\/2021\/10\/MYOPIA.png","contentUrl":"https:\/\/myopianetwork.eu\/wp-content\/uploads\/2021\/10\/MYOPIA.png","width":1229,"height":263,"caption":"Fundacja \"Okulistyka 21\""},"image":{"@id":"https:\/\/myopianetwork.eu\/pl\/#\/schema\/logo\/image\/"}}]}},"_links":{"self":[{"href":"https:\/\/myopianetwork.eu\/pl\/wp-json\/wp\/v2\/pages\/1821","targetHints":{"allow":["GET"]}}],"collection":[{"href":"https:\/\/myopianetwork.eu\/pl\/wp-json\/wp\/v2\/pages"}],"about":[{"href":"https:\/\/myopianetwork.eu\/pl\/wp-json\/wp\/v2\/types\/page"}],"author":[{"embeddable":true,"href":"https:\/\/myopianetwork.eu\/pl\/wp-json\/wp\/v2\/users\/1"}],"replies":[{"embeddable":true,"href":"https:\/\/myopianetwork.eu\/pl\/wp-json\/wp\/v2\/comments?post=1821"}],"version-history":[{"count":1,"href":"https:\/\/myopianetwork.eu\/pl\/wp-json\/wp\/v2\/pages\/1821\/revisions"}],"predecessor-version":[{"id":1822,"href":"https:\/\/myopianetwork.eu\/pl\/wp-json\/wp\/v2\/pages\/1821\/revisions\/1822"}],"wp:attachment":[{"href":"https:\/\/myopianetwork.eu\/pl\/wp-json\/wp\/v2\/media?parent=1821"}],"curies":[{"name":"wp","href":"https:\/\/api.w.org\/{rel}","templated":true}]}}

Strona główna

<section class="l-section wpb_row faded-baner height_medium with_img"><div class="l-section-img" role="img" data-img-width="1747" data-img-height="1240" style="background-image: url(https://myopianetwork.eu/wp-content/uploads/2022/02/2-1.png);background-repeat: no-repeat;"></div><div class="l-section-h i-cf"><div class="g-cols vc_row via_flex valign_top type_default stacking_default"><div class="vc_col-sm-12 wpb_column vc_column_container"><div class="vc_column-inner us_custom_e1a02dba"><div class="wpb_wrapper"><div class="wpb_text_column"><div class="wpb_wrapper"><h1>Europejska Platforma ds. Krótkowzroczności</h1>
<p style="color: white;"><em>Europejska Platforma ds. Krótkowzroczności zrzesza specjalistów zajmujących się krótkowzrocznością z całej Europy.</em></p>
</div></div></div></div></div></div></div></section><section class="l-section wpb_row height_medium"><div class="l-section-h i-cf"><div class="g-cols vc_row via_flex valign_top type_default stacking_default"><div class="vc_col-sm-12 wpb_column vc_column_container"><div class="vc_column-inner"><div class="wpb_wrapper"><div class="wpb_text_column"><div class="wpb_wrapper"><p>W Europie ponad 45% osób w wieku 25–29 lat ma krótkowzroczność, podczas gdy w Azji Wschodniej odsetek ten wynosi 80–90%. Instytut Briana Holdena przewiduje, że do roku 2050 połowa światowej populacji będzie krótkowzroczna, a krótkowzroczność stanie się najczęstszą przyczyną pogorszenia widzenia i utraty wzroku zarówno w Europie, jak i na świecie. Zwiększone ryzyko wystąpienia krótkowzroczności u dzieci wiąże się zarówno z czynnikami genetycznymi, jak i środowiskowymi. Dzieci wykonują więcej czynności wymagających pracy z bliska i spędzają mniej czasu na świeżym powietrzu. Krótkowzroczność u rodziców jest również dobrze udokumentowanym czynnikiem ryzyka rozwoju krótkowzroczności u dzieci. Spowolnienie postępu krótkowzroczności, aby uniknąć jej wysokiego stopnia, stanowi wyzwanie zarówno dla okulistów, jak i optometrystów, ale wiele można zrobić w zakresie profilaktyki poprzez edukację społeczną, zaangażowanie władz w sektorze zdrowia i edukacji, a także rodziców i nauczycieli. Potrzebujemy dobrze opracowanych, wysokiej jakości materiałów skierowanych do niespecjalistów oraz kampanii społecznych podnoszących świadomość zagrożeń i możliwych działań.</p>
<p><strong>Europejska Platforma ds. Krótkowzroczności</strong> ma na celu stworzenie platformy do kontaktów i wymiany doświadczeń w zakresie najnowszej wiedzy o krótkowzroczności, obejmującej różne aspekty, takie jak edukacja, profilaktyka, badania przesiewowe, prace naukowe i leczenie.</p>
<p><strong>Główne działania:</strong></p>
<ul>
<li>zwiększanie świadomości społecznej na temat ryzyka, metod profilaktyki i leczenia krótkowzroczności,</li>
<li>organizowanie wydarzeń edukacyjnych, takich jak webinary, w celu dzielenia się dobrymi praktykami i promowania najnowszych osiągnięć naukowych,</li>
<li>wspieranie badań klinicznych w dziedzinie zapobiegania i leczenia krótkowzroczności.</li>
</ul>
<p>Jeśli zajmujesz się krótkowzrocznością u dzieci lub uważasz, że stanowi ona istotne wyzwanie zdrowotne, <a href="https://myopianetwork.eu/login/">dołącz do nas</a>.</p>
</div></div></div></div></div></div></div></section>

Europejska Platforma ds. Krótkowzroczności Europejska Platforma ds. Krótkowzroczności zrzesza specjalistów zajmujących się krótkowzrocznością z całej Europy. W Europie ponad 45% osób w wieku 25–29 lat ma krótkowzroczność, podczas gdy w Azji Wschodniej odsetek ten wynosi 80–90%. Instytut Briana Holdena przewiduje, że do roku 2050 połowa światowej populacji będzie krótkowzroczna, a krótkowzroczność stanie się najczęstszą przyczyną...

<!-- This site is optimized with the Yoast SEO plugin v25.3 - https://yoast.com/wordpress/plugins/seo/ -->
<title>Strona główna - Fundacja &quot;Okulistyka 21&quot;</title>
<meta name="robots" content="index, follow, max-snippet:-1, max-image-preview:large, max-video-preview:-1" />
<link rel="canonical" href="https://myopianetwork.eu/pl/" />
<meta property="og:locale" content="pl_PL" />
<meta property="og:type" content="article" />
<meta property="og:title" content="Strona główna - Fundacja &quot;Okulistyka 21&quot;" />
<meta property="og:url" content="https://myopianetwork.eu/pl/" />
<meta property="og:site_name" content="Fundacja &quot;Okulistyka 21&quot;" />
<meta property="article:modified_time" content="2025-08-28T08:59:22+00:00" />
<meta name="twitter:card" content="summary_large_image" />
<meta name="twitter:label1" content="Szacowany czas czytania" />
	<meta name="twitter:data1" content="2 minuty" />
<script type="application/ld+json" class="yoast-schema-graph">{"@context":"https://schema.org","@graph":[{"@type":"WebPage","@id":"https://myopianetwork.eu/pl/","url":"https://myopianetwork.eu/pl/","name":"Strona główna - Fundacja &quot;Okulistyka 21&quot;","isPartOf":{"@id":"https://myopianetwork.eu/pl/#website"},"datePublished":"2025-06-24T10:14:06+00:00","dateModified":"2025-08-28T08:59:22+00:00","breadcrumb":{"@id":"https://myopianetwork.eu/pl/#breadcrumb"},"inLanguage":"pl-PL","potentialAction":[{"@type":"ReadAction","target":["https://myopianetwork.eu/pl/"]}]},{"@type":"BreadcrumbList","@id":"https://myopianetwork.eu/pl/#breadcrumb","itemListElement":[{"@type":"ListItem","position":1,"name":"Strona główna","item":"https://myopianetwork.eu/pl/"},{"@type":"ListItem","position":2,"name":"Strona główna"}]},{"@type":"WebSite","@id":"https://myopianetwork.eu/pl/#website","url":"https://myopianetwork.eu/pl/","name":"Fundacja \"Okulistyka 21\"","description":"","publisher":{"@id":"https://myopianetwork.eu/pl/#organization"},"potentialAction":[{"@type":"SearchAction","target":{"@type":"EntryPoint","urlTemplate":"https://myopianetwork.eu/pl/?s={search_term_string}"},"query-input":{"@type":"PropertyValueSpecification","valueRequired":true,"valueName":"search_term_string"}}],"inLanguage":"pl-PL"},{"@type":"Organization","@id":"https://myopianetwork.eu/pl/#organization","name":"Fundacja \"Okulistyka 21\"","url":"https://myopianetwork.eu/pl/","logo":{"@type":"ImageObject","inLanguage":"pl-PL","@id":"https://myopianetwork.eu/pl/#/schema/logo/image/","url":"https://myopianetwork.eu/wp-content/uploads/2021/10/MYOPIA.png","contentUrl":"https://myopianetwork.eu/wp-content/uploads/2021/10/MYOPIA.png","width":1229,"height":263,"caption":"Fundacja \"Okulistyka 21\""},"image":{"@id":"https://myopianetwork.eu/pl/#/schema/logo/image/"}}]}</script>
<!-- / Yoast SEO plugin. -->

Strona główna - Fundacja &quot;Okulistyka 21&quot;
